he greatest common factor of z and 6.
6
Let k(b) = 48*b**2 + 6*b + 5. Suppose 3*w + 3*n + 2 = -10, -w - 13 = 4*n. Let z be k(w). What is the greatest common divisor of z and 47?
47
Let j = -89 + 92. Suppose -j*g - 83 = -4*p, -58 - 40 = -5*p - 2*g. Let a(q) = q**2 - q. Let n be a(-5). What is the highest common factor of n and p?
10
Let h(o) = 64*o**2 - 4*o + 3. Let j be h(1). Let a = j - 96. Let x be (-2 - a) + (-1 - -3). What is the highest common factor of x and 3?
3
Let m(r) = -r**3 + r + 4. Let v = 3 - 6. Let y be m(v). Let g be 7*(1230/(-30) - -43). Calculate the greatest common divisor of g and y.
14
Let k(s) = -s**2 + 15*s - 5. Let u be k(13). Suppose 11*t = 151 + 113. Let y = t + u. Calculate the highest common divisor of y and 30.
15
Let u = 16 + -26. Let a be 1*u/(-3)*(-36)/15. Let b = a + 20. What is the greatest common divisor of 96 and b?
12
Let c be 89/9 - (-71)/639. What is the greatest common factor of c and 9985?
5
Suppose -24*g + 58083 = 3*g - 5772. What is the highest common factor of 495 and g?
55
Suppose -2*a - 4 = -6*a. Suppose 11*p - 308 = 935. Suppose p = 6*m + 77. Calculate the greatest common divisor of m and a.
1
Suppose u = -5, 0*n = -n - u - 1. Suppose -p + 10 = n*p. Suppose 5*k - p*i - 23 = 0, -5*i + 17 = 3*k - 3. Calculate the highest common factor of k and 5.
5
Let m be (248/10)/(-1 - (-8088)/8040). What is the highest common factor of m and 268?
134
Suppose 221*k + 800099 = 412*k. What is the greatest common divisor of 59 and k?
59
Let a = 35 - 30. Suppose -4*c + 3*k + k + 104 = 0, a*c - k - 150 = 0. Let z = c - 22. Calculate the highest common factor of 3 and z.
3
Let q(h) = 4*h + 220. Let y be q(-26). Suppose y = -11*a + 358. Calculate the greatest common divisor of 6 and a.
2
Let z(h) = h**3 + h + 25. Let k be z(0). Suppose -2*y = -k - 35. Calculate the greatest common divisor of 45 and y.
15
Let h(a) = a**2 - 28*a - 167. Let n be h(-41). What is the greatest common factor of n and 44?
22
Let o = 89 - 37. Let t = -157 - -234. Suppose 4*z + 25 = t. What is the highest common factor of o and z?
13
Let u(k) = 12*k + 609. Let l be u(-15). What is the highest common divisor of 585 and l?
39
Let s = -178 + 294. Suppose 308*u = 314*u + 2142. Let z = u + 386. What is the greatest common divisor of s and z?
29
Suppose -5*u + 19 = -3*z, -16 - 12 = -4*u - 4*z. Calculate the greatest common divisor of 205 and u.
5
Suppose 5*n - 2938 = -3*w, -20*w + 4*n = -17*w - 2974. What is the highest common divisor of 4 and w?
2
Let a(n) = -231*n. Let m = -3 + 2. Let i be a(m). Let v(o) = -939*o + 103311. Let z be v(110). What is the highest common factor of i and z?
21
Let b(g) = 11*g + 2*g**2 - 29 + 16 + 5. Let o be b(-6). Let w be ((-165)/(-12))/(o/(-8)). Calculate the highest common factor of 5 and w.
5
Suppose 42*h - 74646 = -18*h - 83*h. Calculate the highest common factor of h and 464.
58
Suppose 110 = y - 11*y. Let k be y/(2*5/(-10)) - 4. Suppose 0 = 3*q + 3*i - 113 + 38, -i = 4*q - 88. Calculate the highest common factor of k and q.
7
Suppose 23*y - 16*y + 231 = 0. Let a = 15 - y. What is the highest common factor of 18 and a?
6
Suppose 8*z - 19*z = -55. Let t be -22*z/(-20)*4. Suppose -2*g - 3*g = -5*p + 5, -p = -3*g + 3. Calculate the greatest common factor of t and g.
2
Let h be 14 - (19/5 + (-2)/(-10)). What is the highest common divisor of 86 and h?
2
Let c(v) = -106*v - 158. Let z be c(-7). Suppose a = 4*i + 161, 36*a + i + z = 40*a. What is the greatest common divisor of a and 203?
29
Suppose t = 4*t, -t = -4*k + 5 + 19. Let h(b) = 2*b + 2. Let a be h(-1). Let j = 6 + a. Calculate the greatest common factor of j and k.
6
Suppose 11*t - 13771 = 5237. Calculate the greatest common factor of t and 540.
108
Let z be (-138)/(12/6)*-1. Let j be ((-36)/(-8))/(4/72). Let k = j + -35. What is the highest common divisor of k and z?
23
Let r be 0 + -2 - (-5 - 114). Let c = 114 + -111. Let g be (-2 + 32)/c + 3. What is the greatest common factor of g and r?
13
Let k = 86 - 48. Suppose -5*c = 5*j - 210, c + c = 8. Calculate the greatest common factor of k and j.
38
Let r be (1 - -20)/((-2296)/154 - -15) + 0. Let b(w) = 6*w - 15. Let s be b(8). Calculate the greatest common factor of r and s.
33
Let k(v) = -v**3 + 5*v**2 + 2*v - 4. Let y be k(4). Suppose 3*q - q - y = 0. Let p = 2579 + -2573. Calculate the highest common factor of q and p.
2
Suppose -7*f + 16 = -11*f. Let w be (-2)/5 - 22/(-5). Let m be (2/w)/(f/(-648)). What is the highest common factor of 9 and m?
9
Let h be (-2 + 1)*43/43 + 49. Let p(t) = 58*t + 2. Let b be p(7). Calculate the greatest common factor of b and h.
24
Suppose 5*j - 12*r - 53 = -10*r, -3*r = j - 14. Let t = -4 - -26. Let n = -11 + t. What is the highest common divisor of j and n?
11
Let k = -16523 - -16613. Let s be -1 + (0 - 2) + 18. Calculate the highest common factor of s and k.
15
Suppose 0*d + 3*d = 2*d. Suppose d = -y - 5*y + 18. Suppose -y*a + 61 = -4*t - 170, 0 = -5*t. Calculate the greatest common divisor of 22 and a.
11
Let j = -305 + 410. Suppose 0 = 3*z + 7*z - 870. Let k = -45 + z. Calculate the highest common factor of j and k.
21
Let i = -4774 + 5029. Calculate the highest common divisor of i and 645.
15
Suppose 840 = -69*t + 129*t. What is the highest common factor of t and 917?
7
Suppose 14*s - 2245 = -2077. What is the greatest common factor of 678 and s?
6
Suppose c - 23850 = -4*g, 14081 = 3*g - 3*c - 3784. What is the greatest common divisor of 3 and g?
3
Suppose 0 = 6801*z - 6809*z + 432. What is the highest common divisor of z and 558?
18
Suppose 2334*k - 2331*k = 399. Calculate the highest common factor of 63 and k.
7
Suppose 182 + 209 = 23*f. Let k be 17/(-3 - (-210)/69). What is the greatest common divisor of f and k?
17
Let k = -216 - -423. Let s be (-2)/((6/k)/(6/(-9))). Calculate the greatest common factor of 322 and s.
46
Suppose 4 = 4*u, -5*u + 41 + 32 = 4*q. Suppose q*v + 181 = 759. Suppose 64 = -2*o + 676. Calculate the highest common factor of v and o.
34
Let h(n) = -2*n + 4*n - 3*n - n - 45 - 2*n. Let a be h(-12). Suppose 24 = 2*i - 6. What is the greatest common factor of i and a?
3
Let r(k) = k**3 + 4*k**2 + 66*k + 714. Let y be r(-7). Calculate the highest common divisor of y and 90.
15
Suppose 5*j - 131 - 292 = -x, 2*j = -x + 168. Let y be (-3)/(-5) + 8279/j. Suppose y + 199 = 3*c. What is the highest common factor of 9 and c?
9
Let n = -11580 - -16969. Calculate the highest common divisor of n and 85.
17
Let n be ((-6)/2)/((-22)/16 + 1). Let y be 4/n*12/2. Suppose 2*r = -w + 547, 635 = 3*r + y*w - 190. Calculate the highest common factor of r and 34.
34
Suppose -3*z + 8 = -c + 1, 2*c = 4. Let j = -4175 - -4178. Calculate the highest common factor of z and j.
3
Let k = -85 + 902. Let x = 843 - k. Let n = -44 - -96. What is the highest common divisor of n and x?
26
Suppose -2*h - 4*o - 1 = -21, 0 = 4*h + 3*o - 30. Suppose -h*u + u + 80 = 0. Let k(f) = f + 12. Let v be k(u). Calculate the greatest common factor of v and 28.
28
Let o = 1390 - 814. Suppose j = -4*m - 506 + 645, 0 = -m - 4*j + 16. What is the highest common divisor of o and m?
36
Let z(f) = -10*f - 55. Let x be z(-6). Suppose x*c - 465 = 195. Calculate the greatest common divisor of c and 6.
6
Suppose 0 = -2*j - y + 59 + 16, -3*j + 4*y + 129 = 0. Calculate the greatest common factor of 216 and j.
3
Let q(s) = -s**3 + 5*s**2 + 9*s + 5. Let a be q(-6). Let w be a - 4/(-8)*10. Let g be (-67 - -3)*2/(-4). Calculate the highest common divisor of g and w.
32
Suppose 0 = -2*u + 116 + 44. Suppose -4*o = -8*o + u. What is the greatest common factor of 4 and o?
4
Let d be (-6)/(-9) + -157*1/(-3). Let q = 97 - d. Suppose i + q = 12*i. What is the greatest common divisor of i and 1?
1
Suppose 266*j + 5488 = 250*j. Let r = 173 - j. What is the greatest common factor of 24 and r?
12
Let f = 118 + -124. Let u be f + (-2)/((-8)/404). What is the greatest common factor of u and 380?
95
Let q = -360 + 354. Let s(a) = -50*a - 108. Let z be s(q). Calculate the greatest common factor of z and 240.
48
Let n = 7479 - 7434. What is the greatest common factor of 1611 and n?
9
Suppose -2*x - 2*d + 168 = -0*d, 3*x + 4*d - 253 = 0. Suppose 255 = -31*p - 1791. Let y = x + p. What is the highest common divisor of y and 1?
1
